{"id":50,"date":"2018-07-11T21:09:54","date_gmt":"2018-07-11T19:09:54","guid":{"rendered":"http:\/\/ww2.notredamedelaconfiance.fr\/?page_id=50"},"modified":"2021-01-18T12:27:20","modified_gmt":"2021-01-18T11:27:20","slug":"rencontres-et-activites","status":"publish","type":"page","link":"https:\/\/www.notredamedelaconfiance.fr\/index.php\/rencontres-et-activites\/","title":{"rendered":"Rencontres et activit\u00e9s"},"content":{"rendered":"\n<h2 class=\"wp-block-heading\">Parents seuls<\/h2>\n\n\n\n<p>se r\u00e9f\u00e9rer \u00e0 <a href=\"https:\/\/www.notredamedelaconfiance.fr\/index.php\/informations-pratiques\/agenda\/\" data-type=\"URL\" data-id=\"https:\/\/www.notredamedelaconfiance.fr\/index.php\/informations-pratiques\/agenda\/\">l&rsquo;agenda<\/a> pour le planning des rencontres<\/p>\n\n\n\n<p>acc\u00e8s libre, chacun.e est le\/la bienvenu.e<\/p>\n\n\n\n<h2 class=\"wp-block-heading\">Biblioth\u00e8que de rue<\/h2>\n\n\n\n<p>Une Biblioth\u00e8que de Rue a ouvert ses portes \u00e0 l\u2019espace Confiance le 5 f\u00e9vrier 2012&nbsp;!<\/p>\n\n\n\n<p>se r\u00e9f\u00e9rer \u00e0 <a href=\"https:\/\/www.notredamedelaconfiance.fr\/index.php\/informations-pratiques\/agenda\/\">l&rsquo;agenda<\/a> pour les jours et horaires d&rsquo;ouverture<\/p>\n\n\n\n<figure class=\"wp-block-image size-large\"><img loading=\"lazy\" decoding=\"async\" width=\"615\" height=\"615\" src=\"https:\/\/www.notredamedelaconfiance.fr\/wp-content\/uploads\/2021\/01\/bibli.jpg\" alt=\"\" class=\"wp-image-841\" srcset=\"https:\/\/www.notredamedelaconfiance.fr\/wp-content\/uploads\/2021\/01\/bibli.jpg 615w, https:\/\/www.notredamedelaconfiance.fr\/wp-content\/uploads\/2021\/01\/bibli-300x300.jpg 300w, https:\/\/www.notredamedelaconfiance.fr\/wp-content\/uploads\/2021\/01\/bibli-150x150.jpg 150w\" sizes=\"auto, (max-width: 615px) 100vw, 615px\" \/><\/figure>\n\n\n\n<p>La biblioth\u00e8que de rue participe aussi \u00e0 la Tente des belles histoires.<\/p>\n\n\n\n<h2 class=\"wp-block-heading\">Tente des belles histoires<\/h2>\n\n\n\n<p>La Tente des belles histoires, une fois par mois, de 14h30 \u00e0 16h30 le dernier samedi du mois, de fin septembre \u00e0 fin juin.<\/p>\n\n\n\n<figure class=\"wp-block-image size-large\"><img loading=\"lazy\" decoding=\"async\" width=\"800\" height=\"600\" src=\"https:\/\/www.notredamedelaconfiance.fr\/wp-content\/uploads\/2021\/01\/Tente_des_belles_histoires.jpg\" alt=\"\" class=\"wp-image-842\" srcset=\"https:\/\/www.notredamedelaconfiance.fr\/wp-content\/uploads\/2021\/01\/Tente_des_belles_histoires.jpg 800w, https:\/\/www.notredamedelaconfiance.fr\/wp-content\/uploads\/2021\/01\/Tente_des_belles_histoires-300x225.jpg 300w, https:\/\/www.notredamedelaconfiance.fr\/wp-content\/uploads\/2021\/01\/Tente_des_belles_histoires-768x576.jpg 768w\" sizes=\"auto, (max-width: 800px) 100vw, 800px\" \/><\/figure>\n\n\n\n<h3 class=\"wp-block-heading\">Soutien scolaire<\/h3>\n\n\n\n<p>De nombreux enfants ont besoin d\u2019aide pour r\u00e9ussir \u00e0 l\u2019\u00e9cole. Le soutien scolaire est individuel&nbsp;: un adulte avec un enfant. Les rencontres sont souvent hebdomadaires ou \u00e0 la demande de l\u2019enfant ou de ses parents. Elles se passent \u00e0 l\u2019Espace Rencontre (sous la chapelle).<\/p>\n\n\n\n<p>Adultes aptes \u00e0 aider un enfant, proposez-vous \u00e0 Sophie Launois 06.68.82.2.92.<\/p>\n\n\n\n<p>Parents et enfants, contactez Sophie Launois 06.68.82.2.92.<\/p>\n","protected":false},"excerpt":{"rendered":"<p>Parents seuls se r\u00e9f\u00e9rer \u00e0 l&rsquo;agenda pour le planning des rencontres acc\u00e8s libre, chacun.e est le\/la bienvenu.e Biblioth\u00e8que de rue Une Biblioth\u00e8que de Rue a ouvert ses portes \u00e0 l\u2019espace Confiance le 5 f\u00e9vrier 2012&nbsp;! se r\u00e9f\u00e9rer \u00e0 l&rsquo;agenda pour les jours et horaires d&rsquo;ouverture La biblioth\u00e8que de rue participe aussi \u00e0 la Tente des [&hellip;]<\/p>\n","protected":false},"author":2,"featured_media":0,"parent":0,"menu_order":0,"comment_status":"closed","ping_status":"closed","template":"","meta":{"footnotes":""},"class_list":["post-50","page","type-page","status-publish","hentry"],"_links":{"self":[{"href":"https:\/\/www.notredamedelaconfiance.fr\/index.php\/wp-json\/wp\/v2\/pages\/50","targetHints":{"allow":["GET"]}}],"collection":[{"href":"https:\/\/www.notredamedelaconfiance.fr\/index.php\/wp-json\/wp\/v2\/pages"}],"about":[{"href":"https:\/\/www.notredamedelaconfiance.fr\/index.php\/wp-json\/wp\/v2\/types\/page"}],"author":[{"embeddable":true,"href":"https:\/\/www.notredamedelaconfiance.fr\/index.php\/wp-json\/wp\/v2\/users\/2"}],"replies":[{"embeddable":true,"href":"https:\/\/www.notredamedelaconfiance.fr\/index.php\/wp-json\/wp\/v2\/comments?post=50"}],"version-history":[{"count":7,"href":"https:\/\/www.notredamedelaconfiance.fr\/index.php\/wp-json\/wp\/v2\/pages\/50\/revisions"}],"predecessor-version":[{"id":843,"href":"https:\/\/www.notredamedelaconfiance.fr\/index.php\/wp-json\/wp\/v2\/pages\/50\/revisions\/843"}],"wp:attachment":[{"href":"https:\/\/www.notredamedelaconfiance.fr\/index.php\/wp-json\/wp\/v2\/media?parent=50"}],"curies":[{"name":"wp","href":"https:\/\/api.w.org\/{rel}","templated":true}]}}